reatest common factor of v and i?
21
Let a(l) = 11*l - 5. Let i be a(3). Let j be 1 + (33 - (-6)/3). Suppose 5*s = -0*s - h + j, 0 = -4*s - h + 29. Calculate the greatest common factor of i and s.
7
Let k be -6*(-342)/(-108) - -2455. Calculate the greatest common factor of 72 and k.
12
Let y(f) = -34*f + 706. Let p(a) = 11*a - 236. Let d(g) = -14*p(g) - 5*y(g). Let i be d(20). What is the greatest common divisor of i and 4?
2
Suppose 0 = 5*b - 8*b + 4*y - 1809, -1206 = 2*b + 5*y. Let f = b + 630. What is the highest common factor of 36 and f?
9
Let f = 14 + -22. Let o(s) = -115*s**2 + s**3 - 33*s + 80*s - 12 - 44*s + 124*s**2. Let q be o(f). What is the greatest common divisor of q and 21?
7
Let b = -44 + 48. Suppose 5 = x, -4*n - b*x + 884 = -n. What is the highest common factor of n and 9?
9
Let b = -54 - -159. Let n = b + -44. Suppose -10*g + 639 = -n. What is the greatest common factor of g and 35?
35
Suppose -2*n = -h - 141, -24*h + 135 = 2*n - 23*h. Let o(d) = -d + 92. Let p be o(0). What is the highest common divisor of p and n?
23
Let n(k) = -3*k + 856. Let z be n(54). What is the highest common divisor of 8 and z?
2
Suppose -2475 + 2629 = 7*y. Calculate the highest common divisor of 1859 and y.
11
Suppose -3193*a - 13065 = -3198*a. What is the highest common divisor of 65 and a?
13
Let o be ((-360)/240)/(-2*(9/(-852))/(-3)). Calculate the highest common factor of 1349 and o.
71
Suppose 74*l + 6201 = 75*l + 3*s, -3*l + 3*s = -18663. What is the highest common factor of l and 96?
24
Suppose 2*j + 2*v - 620 = 0, -j + 4*v = 2*v - 316. Suppose 7*g - 839 = 32*m - 33*m, 5*m = 3*g - 365. What is the highest common divisor of j and g?
24
Let x(b) = b**3 - 10*b**2 + 18*b - 39. Let g be x(10). Suppose 3*v = 3*z - 54 - 72, -4*z = 5*v - g. Calculate the highest common factor of 273 and z.
39
Let m = 112 - 106. Let b be 10/(-15) - (34/m)/(-1). What is the highest common divisor of b and 135?
5
Let y be -5 + (639/(-6) - 1/2). Let a = y + 142. What is the highest common divisor of 30 and a?
30
Let w = -47 - -111. Suppose -3*n - w = -67. Calculate the highest common factor of 5 and n.
1
Let k(r) = -2*r**3 - 21*r**2 - 13*r - 2. Let p be k(-10). Let z = p - -89. What is the greatest common divisor of z and 52?
13
Suppose -4*i = v - 43, 2*i - 4*v - 13 = 13. Suppose i*g = -107 + 613. What is the greatest common factor of 184 and g?
46
Let h = 22757 - 22044. Calculate the greatest common factor of 1457 and h.
31
Suppose -3*m - 97*o + 102*o + 7893 = 0, -3*m = -o - 7881. Calculate the greatest common divisor of 52 and m.
26
Suppose -44786*k + 44781*k = -3825. Let y be 6/(-10) + (-912)/(-20). What is the greatest common divisor of y and k?
45
Suppose 220 = -14*l + 3552. What is the greatest common factor of l and 442?
34
Suppose 5*z = -2*p + 22, 0 = 4*z + p - 2*p - 15. Suppose -1343 = -z*j - s + 820, 2*s = j - 534. Calculate the greatest common divisor of j and 20.
20
Let c be 14/(-2) + 8 - -5858. What is the highest common factor of c and 93?
93
Suppose -4*f = -9*f + b + 94, -3*b = -4*f + 84. Calculate the highest common divisor of f and 86.
2
Suppose 0 = -5*c + 212 + 13. Let j = c + -39. Let z be j/39 - ((-1656)/52 - -4). What is the highest common divisor of z and 224?
28
Suppose 38*o - 533 = -39. Let y be (1/(-2))/((-2)/36). Suppose -y*x = -o*x + 104. What is the greatest common factor of 39 and x?
13
Let y = 6992 - 6409. What is the greatest common divisor of 517 and y?
11
Let r(a) = -26*a**2 + 11*a - 63. Let h be r(4). Let q = h + 437. Let o(c) = 2*c**2 - 3*c + 1. Let z be o(3). Calculate the highest common divisor of q and z.
2
Let z be (17672/18 - (-24)/108) + 8. What is the greatest common factor of 27 and z?
9
Suppose -20*y + 39 = -19*y. Suppose -192 = -3*q + y. Calculate the highest common factor of 28 and q.
7
Suppose 37*b = -15*b + 156. Suppose -2*n + 1 = -11. Suppose -u = -n*u + 5. What is the highest common divisor of b and u?
1
Suppose -3*c + 2*u = -2488, -66*c - 5*u - 4140 = -71*c. Let n = -235 + 339. What is the highest common divisor of c and n?
104
Suppose 0 = 2*c - 4*w - 421 - 587, -2*c + 973 = 3*w. Let d = -294 + c. What is the highest common divisor of 25 and d?
25
Suppose 3*t - 3*q - 39 = 0, -4*t - 5*q + 36 = -q. Suppose g = -t*a + 10*a + 618, -5*a + 3088 = 4*g. Calculate the greatest common factor of a and 56.
56
Let u = -95 - -103. Let i(r) = 47*r + 17. Let p be i(u). Let x = p + -129. What is the highest common factor of 33 and x?
33
Let c(p) = 3*p**2 + 136*p + 2541. Let n be c(-66). Calculate the greatest common divisor of n and 198.
99
Suppose 0 = -3*u + 3*x - 8*x + 34, -5*x = -3*u - 16. Suppose -359*j + 5*a + 37 = -356*j, -3*a = 4*j - 30. Calculate the highest common factor of j and u.
3
Let f(b) be the first derivative of 34*b**3/3 + b**2/2 + b - 9. Let y be f(-2). Let i = 679 - 649. Calculate the greatest common factor of y and i.
15
Suppose -96*i + 9*i + 86130 = 0. Calculate the greatest common divisor of 110 and i.
110
Let a be ((-19314)/(-16) - 4) + 11/(-88) - 6. What is the highest common factor of a and 18?
9
Let l(j) = -205*j + 574. Let v be l(2). What is the highest common divisor of v and 533?
41
Let p = -9646 - -13992. Calculate the greatest common divisor of 106 and p.
106
Let g(h) = -2*h**3 - 92*h**2 - 1877*h - 50. Let q be g(-29). Calculate the highest common factor of 74 and q.
37
Suppose -9*b = 14*b - 3*b - 11000. Calculate the greatest common divisor of 605 and b.
55
Suppose 4*n + 108 = -4*g - 0*g, -n - 4 = 0. Suppose -1470 + 1491 = 3*d. Let k = d - g. What is the highest common divisor of 270 and k?
30
Suppose -7*w + 245 = -819. Suppose -2*o - 4 = -4*o. Suppose o*u - 99 = -3*u - 2*j, j = 5*u - 93. What is the greatest common divisor of w and u?
19
Let v be 57*2/6 - 2. Let r(x) = x**3 - 6*x**2 + 8*x - 12. Let c be r(5). Suppose 119 = -c*l + 4*l. What is the greatest common divisor of l and v?
17
Let h(r) = r**3 + 4*r**2 - 526*r - 19. Let x be h(-25). Let i be 10/2 - (-3 - -3). What is the greatest common factor of x and i?
1
Let b(n) = -27330*n + 164043. Let t be b(6). Let m(j) = -j**2 + 1. Let k be m(1). Suppose k = -s + 2*s - 7. Calculate the highest common divisor of t and s.
7
Let q(a) = a**3 + 12*a**2 + 5*a - 50. Let r be q(-10). What is the highest common divisor of 410 and r?
10
Let t(q) = 2*q**3 - 9*q**2 - 7*q - 45. Let n be t(6). Calculate the greatest common divisor of n and 27.
3
Suppose -2*d + 1 = -5. Let p = 447 - 443. Suppose 0 = -0*g + 2*g + 2, 0 = 2*w + p*g - 50. Calculate the greatest common factor of w and d.
3
Let y(g) = -8*g + 48. Let m be y(7). Let x be ((-2)/m*-6)/((-1)/16). Calculate the greatest common factor of x and 312.
24
Suppose -4*z + 4*x = -972, -4*x = 5*z - 1663 + 412. Calculate the greatest common divisor of z and 13.
13
Let x be ((-6228)/(-630) + (-2)/(-5))*7. Let g be 3/(-24) - (-28809)/x. Calculate the highest common divisor of g and 125.
25
Suppose -y = -3*p - 248, 3*p = 7*y - 2*y - 1228. Suppose 7683 - 1803 = 12*l. Suppose -2*b - l = -7*b. What is the highest common divisor of y and b?
49
Let j(l) = l**3 + 27*l**2 - 67*l + 9. Let s be j(-29). Calculate the highest common divisor of 10 and s.
10
Suppose m + 58*f - 60*f = 8323, 0 = 2*f + 2. Calculate the highest common factor of m and 53.
53
Suppose 3*f - 56 = -3*l + 2*f, f = 3*l - 58. Let j be 87/5 - (-128)/80. What is the highest common factor of j and l?
19
Let w(u) = -11*u + 55. Let r be w(-7). Let m be 2/3 - (-102)/9. Calculate the greatest common factor of m and r.
12
Let a be (40/24)/(((-3)/90)/(-1)). Let v be (-2 - (-80)/(-6))/(a/(-75)). Calculate the greatest common divisor of 115 and v.
23
Suppose -5*u - 8*d + 83993 = -168627, -3*u - 3*d = -151563. Calculate the highest common factor of u and 292.
292
Let q = 2581 - 1524. Let r be (-2 + 3 - 4/(-3)) + 63/(-189). Suppose 5*g + 10*j - 2644 = 6*j, r*g + j = q. What is the greatest common factor of g and 48?
48
Suppose -6*r = -3*t - 5*r, 4*t - r - 1 = 0. Let q(w) = 52*w - 22. Let j be q(t). Calculate the greatest common factor of j and 24.
6
Suppose 5*x = -49*x + 144870 + 40080. What is the greatest common divisor of 137 and x?
137
Let m(i) = -i**2 + 29*i - 35. Let z be m(20). Suppose 4*s = n + z, n - 35 = -6*s + 5*s. Calculate the highest common divisor of 243 and s.